 = 8, -a - 2*a - z + 41 = 0. Calculate the remainder when a is divided by w.
6
Let n be 4 - (2 - (3 - 2)). Suppose 0*g + 60 = n*g. Suppose k - g = -3*k. Calculate the remainder when 13 is divided by k.
3
Let g(p) = p + 2. Let c be g(8). Let j = 22 - c. What is the remainder when 35 is divided by j?
11
Suppose -152 = -4*g - 5*x, 4*g + 4*x = -g + 181. What is the remainder when g is divided by 12?
9
Suppose 4*u = 4*r - 96, -3*u - u - 5*r - 87 = 0. Let q = -18 - u. What is the remainder when 17 is divided by q?
2
Let g = -65 - -74. Let r(h) = -h**3 - 4*h**2 - h - 6. Calculate the remainder when r(-5) is divided by g.
6
Let d = 49 - 32. What is the remainder when -25*((-3)/2)/((-3)/(-4)) is divided by d?
16
Suppose 5*h - 58 = -3*y + 385, 5*h - 471 = 4*y. Suppose -5*x - 25 = 0, 4*b - 3*x + 32 = 139. Calculate the remainder when h is divided by b.
22
Let b(w) = w + 1. Suppose 2*d + 14 = 3*d - 4*p, 0 = 3*d + 4*p - 10. What is the remainder when 25 is divided by b(d)?
4
What is the remainder when 47 is divided by (4/12 + 3)*3?
7
Suppose 0 = 3*y + 234 - 603. What is the remainder when y is divided by 21?
18
Let u be (-2*1 + 2)*-1. What is the remainder when -5*((-14)/5 - u) is divided by (-3 + 1 + 1)*-5?
4
Suppose 2*b - 7*y = -3*y + 24, 5*b + y - 27 = 0. Calculate the remainder when 53 is divided by b.
5
Suppose f = 4*t - 0*t - 49, 40 = 5*t + 3*f. Let o = t + -6. What is the remainder when 12 is divided by o?
2
Suppose -4*v + 2*v = -62. Suppose -50 = -5*n - 4*u, 5*u - 18 = -4*n + v. Calculate the remainder when (2/(-1))/(2/(-21)) is divided by n.
3
Suppose -208 = -3*w - 5*w. Calculate the remainder when w is divided by 18.
8
Suppose 22 = 2*z + 4*f - 0, 0 = 4*f + 16. Let i(r) = r**2 + 25*r + 81. Calculate the remainder when i(-23) is divided by z.
16
Let u(z) be the third derivative of -z**4/12 + 5*z**3/6 + z**2. Let c be u(4). What is the remainder when (-1 - -10 - c) + -1 is divided by 6?
5
Suppose -420 = 71*s - 77*s. What is the remainder when s is divided by 37?
33
Suppose 4*y - 5 = 3. Suppose 32 = 3*q - q. What is the remainder when 23*1/(y/4) is divided by q?
14
Suppose -d = 3*l + l - 81, -l + 4 = 0. What is the remainder when d is divided by 17?
14
Let o be 2*(-1 - 11/(-2)). Let n = o - 7. Calculate the remainder when 2 is divided by n.
0
Suppose 5*y - y = 24. Calculate the remainder when 9 is divided by y.
3
Let q(o) = -o**2 + 15*o + 7. Calculate the remainder when q(12) is divided by 15.
13
Let r(x) = -2*x + 6. What is the remainder when 68 is divided by r(-6)?
14
Let d(q) = 4*q - 24. Calculate the remainder when 37 is divided by d(11).
17
Suppose 0 = o - 2*q, 0 = 3*o - o + 2*q. Suppose 2*r + 0*a = 5*a + 22, -2*a = o. Suppose -105 - 18 = -3*g. Calculate the remainder when g is divided by r.
8
Calculate the remainder when 20 is divided by (-2 + -6)*(-9)/6.
8
Let m = -6 - -2. Let t(s) = -s**3 - 3*s**2 + 3*s + 6. Calculate the remainder when 19 is divided by t(m).
9
Let d be (-1)/3 - (-136)/12. Suppose -k + 8 = -d. Calculate the remainder when 36 is divided by k.
17
Let j(r) = 2*r**3 - r**2 - r - 1. Calculate the remainder when j(2) is divided by 3.
0
What is the remainder when 53 is divided by (20/15)/((-2)/(-12))?
5
Let z = 9 - 3. Calculate the remainder when 15 is divided by z.
3
Let m = 44 + -35. What is the remainder when ((-91)/14)/(1/(-4)) is divided by m?
8
Suppose -5 - 35 = -4*v. What is the remainder when 109 is divided by v?
9
Let w = -25 + 32. What is the remainder when 25 is divided by 12/42 + 61/w?
7
Suppose -13*d + 10*d + 165 = 0. Let i = 24 - 10. What is the remainder when d is divided by i?
13
Suppose 5*f - 3*p - 69 = 0, -5*p + 2*p + 6 = 0. Calculate the remainder when 58 is divided by f.
13
Calculate the remainder when 2/(-7) - 86/(-7) is divided by 5.
2
What is the remainder when 62 is divided by (-18)/(-42) - (-46)/7?
6
Let z be (-2)/(4*2/4). Calculate the remainder when 22 is divided by (6/5)/(z/(-10)).
10
Let d be (-16)/9 + (-2)/9. Calculate the remainder when -82*(d - 3/(-2)) is divided by 2 - -18 - (1 + -2).
20
Let x(s) = -s**3 + 13*s**2 + s - 11. Let q be -2 + (28 - -2)/2. Calculate the remainder when 2*((-3)/(-2) - 0) is divided by x(q).
1
Let j(v) = -v**2 + 13*v + 12. Let r be j(11). Let k = r + -20. What is the remainder when 26 is divided by k?
12
Suppose 12 = -4*t, -5*t - 99 = -2*m - 2*m. What is the remainder when m is divided by 11?
10
Let r(j) be the second derivative of 0 + 0*j**2 + 2/3*j**3 - j. What is the remainder when 7 is divided by r(1)?
3
Let f = 29 + 4. Suppose -22 + 70 = 4*h. What is the remainder when f is divided by h?
9
Let w = 13 - 9. What is the remainder when 19 is divided by -2*(-1)/w*14?
5
Let d(g) = -g**3 - 9*g**2 + 11*g + 10. Let s = -16 + 6. Let j be d(s). Suppose j = -2*t + 10 + 26. Calculate the remainder when 53 is divided by t.
17
Let s = 158 - 151. What is the remainder when 30 is divided by s?
2
Let t(y) = -y**2 - 17*y + 3. What is the remainder when t(-7) is divided by 16?
9
Let k = -96 + 148. Let d = k + -31. Calculate the remainder when d is divided by 8.
5
Let k(o) = -o**2 + 13*o - 6. Let q be 1/(3/(14 + -2)). Suppose 3*l + q = 61. What is the remainder when k(7) is divided by l?
17
Suppose 4*l + 2*c + 10 = 3*l, 0 = 5*l - 3*c - 15. Let i be (l - 0)/(-1 - 0). Suppose -p + 4 - 2 = i. Calculate the remainder when p is divided by 1.
0
Let c(i) = i + 3. Let o be c(-7). Calculate the remainder when 12 is divided by 5*(1 + o/(-10)).
5
Suppose 3*p - o - 54 = 0, -4*p - o = -0*o - 72. Suppose -2*d - 14 = -114. Suppose 0 = 3*g - 8*g + d. What is the remainder when p is divided by g?
8
Let w = 12 - 7. Calculate the remainder when w is divided by 4.
1
Let m(a) = 3*a - 2. Calculate the remainder when 74 is divided by m(7).
17
What is the remainder when 11 is divided by (4 - 66/(-54)) + (-4)/18?
1
Let b(s) = -s - 4. Let p be (-1)/(2/(1*18)). Calculate the remainder when b(p) is divided by 3.
2
Let s = -217 - -153. Let f be (-2)/(-7) + s/28. What is the remainder when 7 is divided by (1 - f) + 0 + 0?
1
What is the remainder when (-1)/((-3)/(2 - -157)) is divided by 28?
25
Suppose 0 = -5*r - 37 + 102. Calculate the remainder when 51 is divided by r.
12
Let g = -13 - -10. Let m = -2 - g. Calculate the remainder when m is divided by 1.
0
Let n = 21 + -11. What is the remainder when 4/(-2)*87/(-6) is divided by n?
9
Suppose 7*h - 90 = 169. Suppose 0 = v - 3*i - 4, 5*v - 2*i = 73 - 14. Calculate the remainder when h is divided by v.
11
Let k = -8 - -26. Suppose -2*z + 5*a + 2 = -k, -4*a = 3*z - 7. Calculate the remainder when z is divided by 1*2/(-4)*-6.
2
Let w = -42 + 59. Let y = w - -3. What is the remainder when y is divided by 11?
9
Let k = 9 - -6. Calculate the remainder when 59 is divided by k.
14
Let r = -24 + 77. Calculate the remainder when r is divided by 14.
11
Let s(f) = -5*f + 74. Calculate the remainder when (-5)/(((-3)/(-11))/(-3)) is divided by s(12).
13
Let t = -116 - -253. What is the remainder when t is divided by 28?
25
Let v(f) = f + 12. What is the remainder when (-1)/((1 - 2)/3) is divided by v(-10)?
1
Let x = -10 + 14. Let v = x - 3. Calculate the remainder when 35 is divided by (24/10)/(v/5).
11
Let b = 5 - 4. Calculate the remainder when 36 is divided by (16 - (3 - 0))*b.
10
Let v(i) = i + 63. What is the remainder when v(0) is divided by 22?
19
Let v = 32 - 22. What is the remainder when 29 is divided by v?
9
Let v(p) be the third derivative of -p**4/6 - 2*p**3/3 + 2*p**2. Calculate the remainder when v(-3) is divided by 3.
2
Let a = -22 - -13. Suppose -31 - 20 = -3*o. Calculate the remainder when a/6*300/(-9) is divided by o.
16
Let i(p) = -p**3 + p**2 + p + 1. Suppose 0 = 5*u - u - 128. Suppose g - u = -0*g. What is the remainder when g is divided by i(-2)?
10
Suppose 2*k + 4*v - 134 = 0, -k + 3*v - 133 = -3*k. What is the remainder when k is divided by 17?
14
Suppose 1 + 14 = 3*a. Let l = 2 - a. What is the remainder when l/(-12) + (-38)/(-8) is divided by 2?
1
Let i = 11 - 5. Suppose -6 + 27 = h - 5*y, 0 = 2*y + 4. Calculate the remainder when h is divided by i.
5
Suppose -5*c - 4*z + 6*z = 43, -2*z - 29 = 3*c. Let v(b) = -2*b - 2*b + 2*b + 3*b + 22. Calculate the remainder when 24 is divided by v(c).
11
Suppose -i + 3*a = 11, 2*a = 5*a - 15. Let c = 12 - i. What is t